{"id":2051,"date":"2018-04-19T00:12:52","date_gmt":"2018-04-18T23:12:52","guid":{"rendered":"http:\/\/www.rodarummet.org\/web\/?page_id=2051"},"modified":"2018-04-19T00:16:37","modified_gmt":"2018-04-18T23:16:37","slug":"2051-2","status":"publish","type":"page","link":"http:\/\/www.rodarummet.org\/web\/debatter\/2051-2\/","title":{"rendered":"Debatt om F\u00f6rintelsen"},"content":{"rendered":"<h2><strong>\u00a0<\/strong><a href=\"http:\/\/www.rodarummet.org\/web\/wp-content\/uploads\/2018\/04\/Debatt-om-F\u00f6rintelsen-.pdf\" target=\"_blank\" rel=\"noopener\"><img loading=\"lazy\" decoding=\"async\" class=\" wp-image-2052 alignright\" src=\"http:\/\/www.rodarummet.org\/web\/wp-content\/uploads\/2018\/04\/omslag-F\u00f6rint-770x1024.jpg\" alt=\"\" width=\"230\" height=\"306\" srcset=\"http:\/\/www.rodarummet.org\/web\/wp-content\/uploads\/2018\/04\/omslag-F\u00f6rint-770x1024.jpg 770w, http:\/\/www.rodarummet.org\/web\/wp-content\/uploads\/2018\/04\/omslag-F\u00f6rint-226x300.jpg 226w, http:\/\/www.rodarummet.org\/web\/wp-content\/uploads\/2018\/04\/omslag-F\u00f6rint-768x1021.jpg 768w\" sizes=\"auto, (max-width: 230px) 100vw, 230px\" \/><\/a>I R\u00f6da rummet 1\/1998\u00a0 gjorde Per-Olof Mattsson en utf\u00f6rlig presentation av Daniel Jonah Goldhagens bok <em>Hitlers willing executioners: Ordinary Germans and the Holocaust<\/em> och menade att Goldhagens studie \u00e4r v\u00e4l f\u00f6renlig med en marxistisk analys av nazismen. Mattssons artikel gav upphov till en debatt som str\u00e4ckte sig \u00f6ver flera nummer av tidskriften.<\/h2>\n<h2><strong><a href=\"http:\/\/www.rodarummet.org\/web\/wp-content\/uploads\/2018\/04\/Debatt-om-F\u00f6rintelsen-.pdf\" target=\"_blank\" rel=\"noopener\">H\u00e4r \u00e5terges debatten samlad.<\/a> <\/strong><\/h2>\n<p>&nbsp;<\/p>\n","protected":false},"excerpt":{"rendered":"<p>\u00a0I R\u00f6da rummet 1\/1998\u00a0 gjorde Per-Olof Mattsson en utf\u00f6rlig presentation av Daniel Jonah Goldhagens bok Hitlers willing executioners: Ordinary Germans and the Holocaust och menade att Goldhagens studie \u00e4r v\u00e4l f\u00f6renlig med en marxistisk analys av nazismen. Mattssons artikel gav &hellip; <a href=\"http:\/\/www.rodarummet.org\/web\/debatter\/2051-2\/\">Forts\u00e4tt l\u00e4sa <span class=\"meta-nav\">&rarr;<\/span><\/a><\/p>\n","protected":false},"author":1,"featured_media":0,"parent":1244,"menu_order":0,"comment_status":"closed","ping_status":"closed","template":"onecolumn-page.php","meta":{"jetpack_post_was_ever_published":false,"footnotes":""},"class_list":["post-2051","page","type-page","status-publish","hentry"],"jetpack_sharing_enabled":true,"jetpack_shortlink":"https:\/\/wp.me\/PRzA9-x5","_links":{"self":[{"href":"http:\/\/www.rodarummet.org\/web\/wp-json\/wp\/v2\/pages\/2051","targetHints":{"allow":["GET"]}}],"collection":[{"href":"http:\/\/www.rodarummet.org\/web\/wp-json\/wp\/v2\/pages"}],"about":[{"href":"http:\/\/www.rodarummet.org\/web\/wp-json\/wp\/v2\/types\/page"}],"author":[{"embeddable":true,"href":"http:\/\/www.rodarummet.org\/web\/wp-json\/wp\/v2\/users\/1"}],"replies":[{"embeddable":true,"href":"http:\/\/www.rodarummet.org\/web\/wp-json\/wp\/v2\/comments?post=2051"}],"version-history":[{"count":2,"href":"http:\/\/www.rodarummet.org\/web\/wp-json\/wp\/v2\/pages\/2051\/revisions"}],"predecessor-version":[{"id":2056,"href":"http:\/\/www.rodarummet.org\/web\/wp-json\/wp\/v2\/pages\/2051\/revisions\/2056"}],"up":[{"embeddable":true,"href":"http:\/\/www.rodarummet.org\/web\/wp-json\/wp\/v2\/pages\/1244"}],"wp:attachment":[{"href":"http:\/\/www.rodarummet.org\/web\/wp-json\/wp\/v2\/media?parent=2051"}],"curies":[{"name":"wp","href":"https:\/\/api.w.org\/{rel}","templated":true}]}}

Debatt om Förintelsen

<h2><strong> </strong><a href="http://www.rodarummet.org/web/wp-content/uploads/2018/04/Debatt-om-Förintelsen-.pdf" target="_blank" rel="noopener"><img loading="lazy" decoding="async" class=" wp-image-2052 alignright" src="http://www.rodarummet.org/web/wp-content/uploads/2018/04/omslag-Förint-770x1024.jpg" alt="" width="230" height="306" srcset="http://www.rodarummet.org/web/wp-content/uploads/2018/04/omslag-Förint-770x1024.jpg 770w, http://www.rodarummet.org/web/wp-content/uploads/2018/04/omslag-Förint-226x300.jpg 226w, http://www.rodarummet.org/web/wp-content/uploads/2018/04/omslag-Förint-768x1021.jpg 768w" sizes="auto, (max-width: 230px) 100vw, 230px" /></a>I Röda rummet 1/1998  gjorde Per-Olof Mattsson en utförlig presentation av Daniel Jonah Goldhagens bok <em>Hitlers willing executioners: Ordinary Germans and the Holocaust</em> och menade att Goldhagens studie är väl förenlig med en marxistisk analys av nazismen. Mattssons artikel gav upphov till en debatt som sträckte sig över flera nummer av tidskriften.</h2>
<h2><strong><a href="http://www.rodarummet.org/web/wp-content/uploads/2018/04/Debatt-om-Förintelsen-.pdf" target="_blank" rel="noopener">Här återges debatten samlad.</a> </strong></h2>
<p>&nbsp;</p>

<p> I Röda rummet 1/1998  gjorde Per-Olof Mattsson en utförlig presentation av Daniel Jonah Goldhagens bok Hitlers willing executioners: Ordinary Germans and the Holocaust och menade att Goldhagens studie är väl förenlig med en marxistisk analys av nazismen. Mattssons artikel gav &hellip; <a href="http://www.rodarummet.org/web/debatter/2051-2/">Fortsätt läsa <span class="meta-nav">&rarr;</span></a></p>
