{"id":2715,"date":"2020-12-20T00:29:29","date_gmt":"2020-12-19T23:29:29","guid":{"rendered":"http:\/\/www.rodarummet.org\/web\/?page_id=2715"},"modified":"2020-12-20T09:54:34","modified_gmt":"2020-12-20T08:54:34","slug":"2000-2","status":"publish","type":"page","link":"http:\/\/www.rodarummet.org\/web\/aldre-nummer\/2000-2\/","title":{"rendered":"2000"},"content":{"rendered":"<h1>Nr 2\/2000 (numret ej komplett)<\/h1>\n<h1><a href=\"http:\/\/www.rodarummet.org\/web\/wp-content\/uploads\/2020\/12\/2-2000-ej-komplett-1.pdf\" target=\"_blank\" rel=\"noopener\"><img loading=\"lazy\" decoding=\"async\" class=\"size-medium wp-image-2717 alignleft\" src=\"http:\/\/www.rodarummet.org\/web\/wp-content\/uploads\/2020\/12\/EttA-227x300.jpg\" alt=\"\" width=\"227\" height=\"300\" srcset=\"http:\/\/www.rodarummet.org\/web\/wp-content\/uploads\/2020\/12\/EttA-227x300.jpg 227w, http:\/\/www.rodarummet.org\/web\/wp-content\/uploads\/2020\/12\/EttA.jpg 355w\" sizes=\"auto, (max-width: 227px) 100vw, 227px\" \/><\/a><\/h1>\n<p>&nbsp;<\/p>\n<p>&nbsp;<\/p>\n<p>&nbsp;<\/p>\n<p>&nbsp;<\/p>\n<p>&nbsp;<\/p>\n<p>&nbsp;<\/p>\n<p>&nbsp;<\/p>\n<p class=\"western\">Ur R\u00d6DA RUMMET 2\/2000<\/p>\n<p class=\"western\"><a href=\"http:\/\/www.rodarummet.org\/web\/wp-content\/uploads\/2020\/12\/joc-word-2020.pdf\" target=\"_blank\" rel=\"noopener\"><span style=\"font-size: xx-large;\"><b>Det onda arbetet \u2014 om s\u00f6kandet efter den goda utopin<\/b><\/span><\/a><\/p>\n<p class=\"western\"><span style=\"font-size: large;\"><b>Arbetar vi f\u00f6r att leva eller lever vi f\u00f6r att arbeta? Vad inneb\u00e4r \u201dDet goda arbetet\u201d idag n\u00e4r allt fler slits ut fysiskt och psykiskt p\u00e5 jobbet? Vilken roll har arbetets inneh\u00e5ll? Ska vi befria oss fr\u00e5n arbetet eller kan vi befria sj\u00e4lva arbetet, och d\u00e4rmed oss sj\u00e4lva?<\/b><\/span><\/p>\n<p class=\"western\"><span style=\"font-size: large;\"><b>Jan-Olov Carlsson, fackligt f\u00f6rtroendevald metallarbetare och socialist, dis\u00adkuterar vad en ny arbetsutopi skulle kunna inneb\u00e4ra f\u00f6r att utveckla en radikal facklig strategi och en vital systemkritik av kapitalismen.<\/b><\/span><\/p>\n","protected":false},"excerpt":{"rendered":"<p>Nr 2\/2000 (numret ej komplett) &nbsp; &nbsp; &nbsp; &nbsp; &nbsp; &nbsp; &nbsp; Ur R\u00d6DA RUMMET 2\/2000 Det onda arbetet \u2014 om s\u00f6kandet efter den goda utopin Arbetar vi f\u00f6r att leva eller lever vi f\u00f6r att arbeta? Vad inneb\u00e4r \u201dDet &hellip; <a href=\"http:\/\/www.rodarummet.org\/web\/aldre-nummer\/2000-2\/\">Forts\u00e4tt l\u00e4sa <span class=\"meta-nav\">&rarr;<\/span><\/a><\/p>\n","protected":false},"author":1,"featured_media":0,"parent":290,"menu_order":19,"comment_status":"closed","ping_status":"closed","template":"","meta":{"footnotes":""},"class_list":["post-2715","page","type-page","status-publish","hentry"],"jetpack_sharing_enabled":true,"jetpack_shortlink":"https:\/\/wp.me\/PRzA9-HN","_links":{"self":[{"href":"http:\/\/www.rodarummet.org\/web\/wp-json\/wp\/v2\/pages\/2715","targetHints":{"allow":["GET"]}}],"collection":[{"href":"http:\/\/www.rodarummet.org\/web\/wp-json\/wp\/v2\/pages"}],"about":[{"href":"http:\/\/www.rodarummet.org\/web\/wp-json\/wp\/v2\/types\/page"}],"author":[{"embeddable":true,"href":"http:\/\/www.rodarummet.org\/web\/wp-json\/wp\/v2\/users\/1"}],"replies":[{"embeddable":true,"href":"http:\/\/www.rodarummet.org\/web\/wp-json\/wp\/v2\/comments?post=2715"}],"version-history":[{"count":2,"href":"http:\/\/www.rodarummet.org\/web\/wp-json\/wp\/v2\/pages\/2715\/revisions"}],"predecessor-version":[{"id":2728,"href":"http:\/\/www.rodarummet.org\/web\/wp-json\/wp\/v2\/pages\/2715\/revisions\/2728"}],"up":[{"embeddable":true,"href":"http:\/\/www.rodarummet.org\/web\/wp-json\/wp\/v2\/pages\/290"}],"wp:attachment":[{"href":"http:\/\/www.rodarummet.org\/web\/wp-json\/wp\/v2\/media?parent=2715"}],"curies":[{"name":"wp","href":"https:\/\/api.w.org\/{rel}","templated":true}]}}