{"id":331,"date":"2010-10-15T14:56:27","date_gmt":"2010-10-15T13:56:27","guid":{"rendered":"http:\/\/www.rodarummet.org\/web\/"},"modified":"2018-03-25T00:43:13","modified_gmt":"2018-03-24T23:43:13","slug":"2005-2","status":"publish","type":"page","link":"https:\/\/www.rodarummet.org\/web\/aldre-nummer\/2005-2\/","title":{"rendered":"2005"},"content":{"rendered":"<p><a href=\"http:\/\/www.rodarummet.org\/web\/wp-content\/uploads\/2010\/10\/RR3-05etta.jpg\"><img loading=\"lazy\" decoding=\"async\" class=\"size-medium wp-image-694 alignright\" title=\"RR3-05etta\" src=\"http:\/\/www.rodarummet.org\/web\/wp-content\/uploads\/2010\/10\/RR3-05etta-225x300.jpg\" alt=\"\" width=\"135\" height=\"180\" srcset=\"https:\/\/www.rodarummet.org\/web\/wp-content\/uploads\/2010\/10\/RR3-05etta-225x300.jpg 225w, https:\/\/www.rodarummet.org\/web\/wp-content\/uploads\/2010\/10\/RR3-05etta.jpg 300w\" sizes=\"auto, (max-width: 135px) 100vw, 135px\" \/><\/a><a href=\"http:\/\/www.rodarummet.org\/web\/wp-content\/uploads\/2010\/10\/rr_1_05.pdf\" target=\"_blank\">nr 1 &#8211; 2005<\/a> Onda handlingar<\/p>\n<p><a href=\"http:\/\/www.rodarummet.org\/web\/wp-content\/uploads\/2010\/10\/rr_2_05.pdf\" target=\"_blank\">nr 2 &#8211; 2005<\/a> Framtidsdr\u00f6m<\/p>\n<p><a href=\"http:\/\/www.rodarummet.org\/web\/wp-content\/uploads\/2010\/10\/rr_3_05.pdf\" target=\"_blank\">nr 3 &#8211; 2005<\/a> Inh\u00e4gnade dr\u00f6mmar<\/p>\n<p><a href=\"http:\/\/www.rodarummet.org\/web\/wp-content\/uploads\/2010\/10\/Roda-rummet-4-2005-1.pdf\" target=\"_blank\">nr 4 &#8211; 2005 <\/a> Synv\u00e4ndor<\/p>\n","protected":false},"excerpt":{"rendered":"<p>nr 1 &#8211; 2005 Onda handlingar nr 2 &#8211; 2005 Framtidsdr\u00f6m nr 3 &#8211; 2005 Inh\u00e4gnade dr\u00f6mmar nr 4 &#8211; 2005 Synv\u00e4ndor<\/p>\n","protected":false},"author":10,"featured_media":0,"parent":290,"menu_order":14,"comment_status":"closed","ping_status":"closed","template":"","meta":{"footnotes":""},"class_list":["post-331","page","type-page","status-publish","hentry"],"jetpack_sharing_enabled":true,"jetpack_shortlink":"https:\/\/wp.me\/PRzA9-5l","_links":{"self":[{"href":"https:\/\/www.rodarummet.org\/web\/wp-json\/wp\/v2\/pages\/331","targetHints":{"allow":["GET"]}}],"collection":[{"href":"https:\/\/www.rodarummet.org\/web\/wp-json\/wp\/v2\/pages"}],"about":[{"href":"https:\/\/www.rodarummet.org\/web\/wp-json\/wp\/v2\/types\/page"}],"author":[{"embeddable":true,"href":"https:\/\/www.rodarummet.org\/web\/wp-json\/wp\/v2\/users\/10"}],"replies":[{"embeddable":true,"href":"https:\/\/www.rodarummet.org\/web\/wp-json\/wp\/v2\/comments?post=331"}],"version-history":[{"count":11,"href":"https:\/\/www.rodarummet.org\/web\/wp-json\/wp\/v2\/pages\/331\/revisions"}],"predecessor-version":[{"id":1062,"href":"https:\/\/www.rodarummet.org\/web\/wp-json\/wp\/v2\/pages\/331\/revisions\/1062"}],"up":[{"embeddable":true,"href":"https:\/\/www.rodarummet.org\/web\/wp-json\/wp\/v2\/pages\/290"}],"wp:attachment":[{"href":"https:\/\/www.rodarummet.org\/web\/wp-json\/wp\/v2\/media?parent=331"}],"curies":[{"name":"wp","href":"https:\/\/api.w.org\/{rel}","templated":true}]}}